e x(53).
571
Let g(b) = 2*b**3 - 184*b**2 - 185*b - 93. Calculate g(93).
0
Let q(a) = -a**3 + 286*a**2 - 565*a - 744. Determine q(284).
108
Let b(z) = 2*z**3 + 387*z**2 + 946*z - 1445. Determine b(-191).
274
Let w(a) = 10*a**2 + 183*a + 148. What is w(-19)?
281
Let h(g) = 12418*g + 198630. Determine h(-16).
-58
Let b(d) = 15831*d + 601584. Give b(-38).
6
Let l(u) = 23*u**2 - 248*u + 220. What is l(9)?
-149
Let d(b) = -4*b**2 - 20*b + 610. What is d(-16)?
-94
Let u(t) = -t**2 + 72747*t - 509138. Determine u(7).
42
Let c(f) = -311*f + 37297. Calculate c(118).
599
Let z(h) = 142*h - 2691. What is z(15)?
-561
Let f(n) = 1108*n + 81875. Give f(-74).
-117
Let i(c) = -4270*c**2 - 59799*c - 260. Give i(-14).
6
Let d(q) = 5312*q - 31829. Determine d(6).
43
Let w(b) = 321*b**2 - 16841*b + 7746. Determine w(52).
-2
Let t(j) = 123*j + 818. Determine t(4).
1310
Let z(x) = 13*x**2 - 695*x - 1284. What is z(57)?
1338
Let l(w) = 3643*w - 29102. Give l(8).
42
Let z(c) = -c**3 + 33*c**2 + 599*c - 7285. What is z(43)?
-18
Let n(l) = l**3 - 66*l**2 + 550*l + 3009. Give n(55).
-16
Let d(n) = 21*n**3 + 56*n**2 - 18*n - 24. Calculate d(-3).
-33
Let d(y) = -136*y**2 + 50*y - 67. Calculate d(2).
-511
Let b(a) = -14*a**2 - 194*a + 4144. What is b(19)?
-4596
Let m(w) = -2123*w**2 + 6385*w - 11. Determine m(3).
37
Let z(u) = -u**3 + 7*u**2 + 5*u - 21. What is z(2)?
9
Let k(u) = u**3 + 101*u**2 - 65818*u - 6535571. Give k(-99).
13
Let q(o) = -261*o**2 + 22*o + 25. What is q(-1)?
-258
Let u(h) = 3081*h**2 - 6094*h - 1. Calculate u(2).
135
Let o(p) = p**3 - 67*p**2 - 1641*p + 688. What is o(86)?
86
Let t(c) = 22836*c + 91330. Give t(-4).
-14
Let p(h) = h**2 - 9*h + 51. Determine p(13).
103
Let z(s) = -38727*s - 116303. Calculate z(-3).
-122
Let o(w) = -187263*w + 2059944. Determine o(11).
51
Let s(m) = 116*m + 2587. Give s(-23).
-81
Let y(d) = -d**2 + 485*d + 21244. Determine y(-41).
-322
Let r(v) = 29*v**2 - 488*v + 375. Calculate r(16).
-9
Let c(w) = 5*w**3 + 69*w**2 - 226*w - 2889. Calculate c(-14).
79
Let r(h) = -441*h - 6430. What is r(-14)?
-256
Let y(g) = 3*g**2 - 243*g - 7744. Give y(105).
-184
Let z(g) = 6*g**3 + 48*g**2 - 301*g - 2286. Calculate z(-9).
-63
Let j(w) = -w**3 - 119*w**2 + 626*w + 728. Determine j(-124).
-16
Let h(y) = -81*y + 224. Determine h(7).
-343
Let o(c) = -4*c**2 + 208*c - 1815. Calculate o(41).
-11
Let b(f) = -140449*f - 983162. Determine b(-7).
-19
Let j(b) = -b**3 + 38*b**2 + 129*b - 1475. Calculate j(41).
-1229
Let q(z) = 192*z - 22103. Calculate q(102).
-2519
Let g(v) = -7*v**2 - 314*v + 688. Determine g(-45).
643
Let d(c) = 6*c**3 - 90*c**2 - 287*c - 3. Determine d(-4).
-679
Let y(o) = -11*o**3 - 141*o**2 + 16*o - 280. Give y(-13).
-150
Let d(k) = -268*k + 696. Give d(6).
-912
Let j(l) = 6249*l + 100075. Give j(-16).
91
Let w(n) = -2*n**2 + 704*n + 28053. Give w(388).
117
Let s(t) = -52*t**2 + 75*t + 422. Give s(-3).
-271
Let k(d) = d**3 - 9*d**2 - 424*d - 2306. Determine k(-10).
34
Let d(c) = -c**3 - 23*c**2 - 1132*c - 6281. Determine d(-6).
-101
Let y(d) = -238*d + 1480. Determine y(7).
-186
Let h(n) = -n**3 - 126*n**2 - 3601*n - 2660. What is h(-83)?
-4
Let j(g) = 8*g**3 + 56*g**2 + 75*g + 534. Calculate j(-7).
9
Let o(j) = -266*j + 6402. What is o(24)?
18
Let w(c) = -6*c**2 - 541*c + 2750. Give w(-95).
-5
Let f(j) = -3*j**2 + 239*j + 1318. Determine f(85).
-42
Let s(z) = -1518*z**2 - 81968*z + 217. Determine s(-54).
1
Let t(h) = -271*h**2 - 46*h - 40. Give t(0).
-40
Let p(c) = 172*c - 2979. Calculate p(17).
-55
Let v(s) = -s**3 + 21*s**2 - 144*s + 126. Calculate v(20).
-2354
Let u(w) = -4698*w + 37680. What is u(8)?
96
Let h(k) = -38*k**3 - 183*k**2 + 401*k + 1838. What is h(-5)?
8
Let u(n) = -9050*n**2 + 17712*n + 4. Calculate u(2).
-772
Let y(b) = -3*b**2 + 8617*b + 103651. What is y(-12)?
-185
Let b(l) = 47*l + 2108. Determine b(-48).
-148
Let a(k) = 353*k**2 + 1486*k + 18. Determine a(-4).
-278
Let v(w) = -130*w**3 + 8*w**2 + 14*w + 9. Give v(-1).
133
Let f(c) = 56*c**2 - 3416*c + 58. Determine f(61).
58
Let c(j) = -j**3 + 49*j**2 - 592*j - 349. Give c(23).
-211
Let u(n) = 2*n**3 + 137*n**2 - 75*n - 484. Calculate u(-69).
-70
Let k(i) = 2632*i - 91002. Give k(35).
1118
Let h(l) = 3190*l**2 - 6203*l - 1. Calculate h(2).
353
Let r(s) = -2*s**2 + 806*s - 65152. Calculate r(291).
32
Let k(z) = -43*z + 15491. Calculate k(360).
11
Let w(s) = -7939*s + 247530. Give w(31).
1421
Let q(g) = 3*g**2 - 1732*g + 19183. Give q(11).
494
Let s(a) = 77*a**3 + 114*a**2 + 18*a + 2. Determine s(0).
2
Let q(z) = -21*z**2 - 440*z + 35. Calculate q(-20).
435
Let s(c) = 2*c**2 + 135*c + 1734. Give s(-12).
402
Let b(l) = 2*l**3 - 150*l**2 + 163*l - 164. Determine b(74).
946
Let s(v) = 1546*v - 27156. What is s(16)?
-2420
Let y(x) = -4*x**2 - 5981*x + 90616. Give y(15).
1
Let m(a) = 88*a**2 + 2254*a + 1298. Calculate m(-25).
-52
Let j(o) = -243*o**2 + 1712*o - 29. What is j(7)?
48
Let i(j) = 1084*j + 36570. Calculate i(-34).
-286
Let b(w) = 2*w**3 + 776*w**2 - 5533*w - 1274. What is b(-395)?
-89
Let b(j) = -j**3 + 228*j**2 - 4362*j + 318. Calculate b(21).
3
Let x(c) = -23113*c - 46030. Give x(-2).
196
Let w(r) = 2*r**3 + 903*r**2 - 2378*r - 870539. Calculate w(-452).
13
Let j(m) = -2*m**3 - 106*m**2 + 4620*m - 2355. What is j(28)?
-3
Let x(n) = 43*n**2 + 3096*n - 54. Calculate x(-72).
-54
Let m(b) = -53*b**3 - 149*b**2 - 452*b - 17. What is m(-3)?
1429
Let d(k) = 866*k + 62417. Determine d(-72).
65
Let t(z) = z**2 - 95*z + 446. Give t(55).
-1754
Let g(q) = q**3 + 89*q**2 - 361*q + 719. What is g(-93)?
-304
Let n(b) = 311*b - 46026. Give n(150).
624
Let i(v) = v**2 - 58241*v + 465920. Give i(8).
56
Let h(w) = 2*w**3 - 10*w**2 - 221*w + 1950. Calculate h(8).
566
Let f(c) = -426*c - 87253. What is f(-200)?
-2053
Let k(u) = -16597*u + 165526. Determine k(10).
-444
Let r(k) = -2*k**3 + 225*k**2 - 90*k - 389. Give r(112).
2075
Let p(z) = -17*z**2 + 269*z - 206. Determine p(15).
4
Let p(s) = 471*s - 180816. What is p(384)?
48
Let h(c) = -14*c**3 + 189*c**2 + 555*c + 86. Calculate h(16).
6
Let a(r) = 2007272*r + 48174531. What is a(-24)?
3
Let q(b) = -1015*b + 116781. Calculate q(115).
56
Let w(p) = -p**2 - 356*p - 7712. What is w(-23)?
-53
Let m(b) = b**3 + 99*b**2 + 2233*b - 199. Calculate m(-35).
46
Let a(z) = 3*z**3 + 11*z**2 - 49*z + 219. Calculate a(6).
969
Let z(b) = 833*b + 154106. What is z(-185)?
1
Let v(z) = 21*z**2 - 358*z - 4183. Give v(25).
-8
Let s(d) = 1461*d + 287816. Calculate s(-197).
-1
Let n(k) = -11658*k + 46612. Determine n(4).
-20
Let n(q) = q**3 + 44*q**2 - 81*q + 522. Calculate n(-46).
16
Let o(n) = -12*n**2 + 4628*n - 3077. What is o(385)?
3
Let j(f) = 3*f**3 + 65*f**2 + 9823*f + 216565. Calculate j(-22).
-25
Let a(f) = 275*f - 2489. Determine a(9).
-14
Let u(v) = 3*v**3 - 53*v**2 + 175*v - 11. Give u(7).
-354
Let o(g) = -5*g**3 + 223*g**2 + 143*g - 2384. Calculate o(45).
1
Let q(w) = 2*w**3 - 38*w**2 + 242*w - 3689. Calculate q(18).
19
Let c(v) = -5*v**3 - 154*v**2 + 41*v + 491. What is c(-31)?
181
Let a(y) = 950*y + 108291. Determine a(-114).
-9
Let s(j) = 9851*j + 1398736. Determine s(-142).
-106
Let q(o) = -3*o**3 + 47*o**2 - 60*o + 445. Calculate q(15).
-5
Let m(x) = 849*x + 29763. Calculate m(-35).
48
Let p(t) = 1811*t - 927038. What is p(512)?
194
Let a(o) = 87*o - 2117. Determine a(-7).
-2726
Let c(i) = -3*i**3 + 4*i**2 + 4896*i - 692. Determine c(41).
5
Let k(v) = 515*v**3 - 2*v**2 + 154*v + 155. Give k(-1).
-516
Let z(a) = a**2 - 270*a - 9339. What is z(-31)?
-8
Let x(j) = -11319*j - 6395253. Calculate x(-565).
-18
Let r(t) = 5*t**2 + 286*t + 1032. Give r(-53).
-81
Let c(u) = -2049*u**2 - 55323*u - 44. Determine c(-27).
-44
Let u(g) = -48565*g + 3205281. Calculate u(66).
-9
Let v(n) = 27*n**3 - 3080*n**2 + 151*n + 8742. Calculate v(114).
-36
Let h(m) = m**3 - 58*m**2 + 18*m + 5275. Give h(56).
11
Let p(z) = 4*z**3 - 521*z**2 + 10290*z - 853. What is p(106)?
-5
Let k(y) = -4*y**2 + 996*y + 15743. Give k(264).
-97
Let h(q) = -7*q**3 - 9*q**2 - 5*q + 17. Give h(-6).
1235
Let c(p) = 58*p**3 + 555*p**2 - 1676*p - 2. Calculate c(3).
1531
Let q(d) = -357159*d - 3571596. Calculate q(-10).
-6
Let g(d) = -4*d**2 - 1092*d + 64597. Give g(50).
-3
Let l(i) = i**2 + 79*i - 1810. Give l(-99).
170
Let u(f) = 18*f - 2452. What is u(82)?
-9